ivided by 367.
28
Calculate the remainder when 370 is divided by 130.
110
Calculate the remainder when 572 is divided by 4.
0
What is the remainder when 60 is divided by 9?
6
What is the remainder when 231 is divided by 83?
65
What is the remainder when 224 is divided by 81?
62
Calculate the remainder when 477 is divided by 27.
18
What is the remainder when 74 is divided by 13?
9
What is the remainder when 4917 is divided by 30?
27
Calculate the remainder when 41 is divided by 16.
9
What is the remainder when 15712 is divided by 15?
7
Calculate the remainder when 158 is divided by 81.
77
Calculate the remainder when 2563 is divided by 424.
19
Calculate the remainder when 767 is divided by 136.
87
What is the remainder when 8443 is divided by 1687?
8
Calculate the remainder when 1968 is divided by 45.
33
What is the remainder when 205 is divided by 37?
20
What is the remainder when 115 is divided by 92?
23
Calculate the remainder when 103 is divided by 9.
4
Calculate the remainder when 618 is divided by 20.
18
What is the remainder when 1263 is divided by 251?
8
Calculate the remainder when 121 is divided by 52.
17
Calculate the remainder when 2348 is divided by 60.
8
Calculate the remainder when 35 is divided by 12.
11
Calculate the remainder when 145 is divided by 31.
21
Calculate the remainder when 36 is divided by 10.
6
Calculate the remainder when 194 is divided by 106.
88
Calculate the remainder when 325 is divided by 46.
3
Calculate the remainder when 1823 is divided by 22.
19
What is the remainder when 230 is divided by 71?
17
Calculate the remainder when 63 is divided by 29.
5
What is the remainder when 163 is divided by 57?
49
What is the remainder when 162 is divided by 41?
39
What is the remainder when 1187 is divided by 27?
26
Calculate the remainder when 161 is divided by 45.
26
What is the remainder when 597 is divided by 126?
93
What is the remainder when 349 is divided by 58?
1
Calculate the remainder when 827 is divided by 23.
22
Calculate the remainder when 183 is divided by 62.
59
Calculate the remainder when 5144 is divided by 2570.
4
What is the remainder when 68 is divided by 15?
8
What is the remainder when 168 is divided by 19?
16
What is the remainder when 2135 is divided by 32?
23
Calculate the remainder when 563 is divided by 63.
59
What is the remainder when 536 is divided by 110?
96
What is the remainder when 788 is divided by 44?
40
Calculate the remainder when 115 is divided by 26.
11
What is the remainder when 48298 is divided by 115?
113
What is the remainder when 83 is divided by 72?
11
What is the remainder when 4594 is divided by 19?
15
What is the remainder when 660 is divided by 122?
50
Calculate the remainder when 428 is divided by 109.
101
Calculate the remainder when 17 is divided by 12.
5
What is the remainder when 264 is divided by 151?
113
What is the remainder when 318 is divided by 166?
152
Calculate the remainder when 101 is divided by 30.
11
Calculate the remainder when 5092 is divided by 182.
178
What is the remainder when 108 is divided by 39?
30
What is the remainder when 317 is divided by 52?
5
Calculate the remainder when 196 is divided by 94.
8
What is the remainder when 2673 is divided by 446?
443
What is the remainder when 112 is divided by 25?
12
What is the remainder when 105 is divided by 35?
0
Calculate the remainder when 1499 is divided by 70.
29
Calculate the remainder when 76 is divided by 19.
0
Calculate the remainder when 418 is divided by 146.
126
What is the remainder when 731 is divided by 147?
143
Calculate the remainder when 9 is divided by 3.
0
Calculate the remainder when 136 is divided by 1.
0
Calculate the remainder when 157 is divided by 155.
2
Calculate the remainder when 487 is divided by 178.
131
Calculate the remainder when 1569 is divided by 12.
9
Calculate the remainder when 127 is divided by 106.
21
What is the remainder when 2502 is divided by 33?
27
What is the remainder when 3733 is divided by 63?
16
What is the remainder when 111 is divided by 60?
51
Calculate the remainder when 240 is divided by 44.
20
What is the remainder when 15 is divided by 8?
7
What is the remainder when 247 is divided by 42?
37
What is the remainder when 14202 is divided by 134?
132
What is the remainder when 419 is divided by 22?
1
What is the remainder when 749 is divided by 73?
19
What is the remainder when 5928 is divided by 10?
8
Calculate the remainder when 366 is divided by 41.
38
What is the remainder when 190 is divided by 12?
10
Calculate the remainder when 265 is divided by 19.
18
What is the remainder when 279 is divided by 4?
3
Calculate the remainder when 1856 is divided by 124.
120
What is the remainder when 979 is divided by 891?
88
What is the remainder when 333 is divided by 49?
39
What is the remainder when 228 is divided by 33?
30
Calculate the remainder when 163 is divided by 39.
7
Calculate the remainder when 2273 is divided by 69.
65
Calculate the remainder when 233 is divided by 47.
45
Calculate the remainder when 519 is divided by 104.
103
Calculate the remainder when 186 is divided by 67.
52
What is the remainder when 58 is divided by 12?
10
What is the remainder when 601 is divided by 587?
14
What is the remainder when 466 is divided by 26?
24
Calculate the remainder when 81 is divided by 13.
3
Calculate the remainder when 1082 is divided by 57.
56
What is the remainder when 89 is divided by 8?
1
Calculate the remainder when 1069 is divided by 508.
53
What is the remainder when 44287 is divided by 21?
19
Calculate the remainder when 5243 is divided by 43.
40
Calculate the remainder when 5687 is divided by 21.
17
What is the remainder when 8867 is divided by 10?
7
What is the remainder when 1012 is divided by 29?
26
Calculate the remainder when 75 is divided by 13.
10
What is the remainder when 276 is divided by 93?
90
What is the remainder when 4643 is divided by 18?
17
Calculate the remainder when 2102 is divided by 49.
44
What is the remainder when 403 is divided by 35?
18
What is the remainder when 316 is divided by 40?
36
Calculate the remainder when 2449 is divided by 70.
69
What is the remainder when 49 is divided by 27?
22
What is the remainder when 8077 is divided by 59?
53
What is the remainder when 1035 is divided by 99?
45
What is the remainder when 439 is divided by 42?
19
What is the remainder when 19874 is divided by 11?
8
Calculate the remainder when 531 is divided by 38.
37
Calculate the remainder when 62 is divided by 23.
16
Calculate the remainder when 239 is divided by 66.
41
Calculate the remainder when 84 is divided by 47.
37
Calculate the remainder when 144 is divided by 46.
6
Calculate the remainder when 4518 is divided by 20.
18
Calculate the remainder when 571 is divided by 26.
25
What is the remainder when 726 is divided by 704?
22
What is the remainder when 1245 is divided by 392?
69
What is the remainder when 684 is divided by 50?
34
What is the remainder when 304 is divided by 72?
16
Calculate the remainder when 1309 is divided by 53.
37
What is the remainder when 1786 is divided by 161?
15
Calculate the remainder when 70 is divided by 8.
6
What is the remainder when 170 is divided by 51?
17
Calculate the remainder when 310 is divided by 63.
58
What is the remainder when 497 is divided by 30?
17
Calculate the remainder when 280 is divided by 36.
28
Calculate the remainder when 477 is divided by 162.
153
Calculate the remainder when 412 is divided by 59.
58
Calculate the remainder when 8097 is divided by 18.
15
What is the remainder when 633 is divided by 29?
24
What is the remainder when 1950 is divided by 34?
12
Calculate the remainder when 306 is divided by 51.
0
Calculate the remainder when 478 is divided by 40.
38
Calculate the remainder when 44 is divided by 25.
19
What is the remainder when 121 is divided by 18?
13
What is the remainder when 122 is divided by 25?
22
What is the remainder when 3225 is divided by 126?
75
Calculate the remainder when 504 is divided by 57.
48
What is the remainder when 622 is divided by 16?
14
Calculate the remainder when 28 is divided by 5.
3
What is the remainder when 91 is divided by 38?
15
What is the remainder when 1737 is divided by 13?
8
What is the remainder when 2991 is divided by